re the prime factors of m?
2, 1301
Suppose -v = -2*v + 3*v. Suppose v = -3*i + 2*d - 0*d + 2090, 3*i - 2085 = 3*d. List the prime factors of i.
2, 5, 7
Suppose 3*x + 2*m + 557 + 176 = 0, 0 = 3*m - 3. Let l = x + 858. What are the prime factors of l?
613
Suppose -q = -2, -6*q = -2*z - 10*q + 12500. What are the prime factors of z?
2, 3, 347
What are the prime factors of ((-72)/(-3))/4 + -10 + 11758?
2, 3, 653
Suppose 7*w - 137 = -1460. Let l = w - -194. List the prime factors of l.
5
Let h = -7 + 12. Suppose 26*f + 104 = 52*f. Suppose 0 = f*q + 3*r - r - 14, -4*q - h*r = -5. What are the prime factors of q?
5
Let f = -18448 + 27226. What are the prime factors of f?
2, 3, 7, 11, 19
Let n(t) = t**3 - 2*t**2 + t - 3. Let q be n(2). Let b be -1*3 + 0 + q + 4. Let u = 12 - b. List the prime factors of u.
2, 3
Let m(q) = 6*q**2 - 7*q + 73. Let n = -169 + 175. List the prime factors of m(n).
13, 19
Suppose 45 = 3*g + 4*v, 4*g - 9*v - 91 = -4*v. Suppose m = -3*m + 4*l + 84, -l = 5. Suppose -m*w + g*w - 276 = 0. List the prime factors of w.
2, 23
Let m(u) = -u**2 + 26*u + 116. Let c(i) = 13*i + 58. Let w(g) = 7*c(g) - 4*m(g). List the prime factors of w(-10).
2, 59
Let d be 2*2/(-4)*-5. Suppose -r - 7*r + 2056 = 0. Suppose d*j - r - 158 = 0. List the prime factors of j.
83
Let m(t) = 2357*t - 3905. What are the prime factors of m(6)?
29, 353
Let w be (-2)/9 - -50*(-6)/108. Let k be (-13)/(w - (-44)/14). Let g = k - -332. List the prime factors of g.
241
Suppose 20*o - 31341 = -28*o + 45*o. What are the prime factors of o?
31, 337
Let v be 2/(-18) - 3674/(-18)*1. What are the prime factors of (-1 + 5 - 8) + v?
2, 5
Suppose 6962 = 2*f + 3*f - 3*s, f = 4*s + 1389. Suppose -5*v + 4*k = 2*k - 2340, -f = -3*v - k. List the prime factors of v.
2, 233
Let p(n) = -17*n**2 - 7*n + 53. Let g be p(4). List the prime factors of 3*(-36)/(-27)*g/(-2).
2, 13, 19
Suppose 0 = -4*r + 2*v + 128588, -4*v + 47278 + 49185 = 3*r. List the prime factors of r.
13, 2473
Let p(a) = -70*a**3 - 3*a**2 + 9*a - 2. Let l be p(-3). Let o = l + -746. What are the prime factors of o?
2, 17
Let t(p) = 11*p**2 - 88*p + 626. What are the prime factors of t(33)?
89, 109
Let i(z) = -z**3 + 12*z**2 - 6*z - 5. Let q = 25 - 17. Let o be -2 + 9 + q/2. List the prime factors of i(o).
2, 5
Let t(b) = 208*b - 7. Let n be t(1). Let g = 0 + n. What are the prime factors of g?
3, 67
Suppose -q - 2*p = -4574, 18326 = 2*q + 2*q + 2*p. What are the prime factors of q?
2, 3, 191
Suppose -2*g - 3*h + 0*h = 414, -4*h - 620 = 3*g. Let c = 446 + g. List the prime factors of c.
2, 11
Suppose 0 = 4*n - 2*m - 82, 5*m - 33 = -4*n + 56. List the prime factors of (-4)/6 + (-1 - (-2240)/n).
3, 5, 7
Suppose -t = 3*s - 13, 5*t - 6*s + s = 5. Let f be (t - 3)/(-1 - (-18)/15). Suppose -3*o = f*g - 325, -o + 0*g = 5*g - 115. What are the prime factors of o?
3, 5, 7
Suppose 5*x + 0*x - 81816 = -671. What are the prime factors of x?
16229
Let h(r) = r + 20. Let z(f) = -4*f - 81. Let d(y) = -9*h(y) - 2*z(y). Let j be d(-21). Suppose x - 78 = 2*c, j*c + 19 = x - 56. What are the prime factors of x?
2, 3, 7
Let a(j) = 325*j - 7479. Let x be a(23). Let w(p) = -3198*p**2 - 2*p. Let u be w(2). List the prime factors of x/22 + u/(-77).
2, 83
Let y(q) = q**3 - 55*q**2 - 390*q + 575. What are the prime factors of y(70)?
5, 1871
Suppose 934 = 5*l - 3*d - 76, 5*d + 606 = 3*l. Suppose 2*f + 2*y = -262, 0 = 4*f - 2*y + 327 + 203. Let v = f + l. What are the prime factors of v?
2, 5, 7
Suppose -20 = 2*b - 4*b. Suppose -3*c = -c + b. What are the prime factors of ((-89)/c)/((-6)/(-30))?
89
Let l be 15/(-3)*1230/50. What are the prime factors of 12*(-5)/(30/l)?
2, 3, 41
Let l = -315 + 320. Suppose -488 = k - l*k. What are the prime factors of k?
2, 61
Let n be (-14)/(-10)*1170/105*-5. What are the prime factors of -1 + 2727/7 + n/(-182)?
389
Suppose 21*g = 19*g + 28. What are the prime factors of (-4)/g - (-1270)/35?
2, 3
Let l(t) = 4*t**3 + 38*t**2 + 8*t + 5. Let g(h) = -5*h**3 - 37*h**2 - 8*h - 4. Let o(i) = -3*g(i) - 4*l(i). List the prime factors of o(-41).
2, 5
Suppose 39*q + 2*k + 30953 = 40*q, 2*q - 61899 = 3*k. List the prime factors of q.
3, 10313
Suppose 33*k - 25705 = 21023. List the prime factors of k.
2, 3, 59
Let j(r) = 46*r + 29. Suppose -3*y = -19*n + 22*n - 21, n + 3*y = 1. What are the prime factors of j(n)?
3, 163
Let w(j) be the second derivative of -j**4/12 + 13*j**3/3 + 15*j**2/2 + 207*j - 2. Let q = -4 + 26. List the prime factors of w(q).
103
Let o(q) = 204*q**3 - 16*q**2 + 69*q + 11. What are the prime factors of o(4)?
23, 569
Let f(b) = 4*b**2 - 10*b - 158. List the prime factors of f(12).
2, 149
Let j(h) = -h**3 - 8*h**2 - 15*h - 10. Let a be j(-10). Let w be (-8 + a)/(1 - 0). Suppose 4*o - 5*q = w, 0*q + 4*q + 72 = o. List the prime factors of o.
2, 11
Let i = 8596 - 3259. List the prime factors of i.
3, 593
Let p = 197739 + -138069. List the prime factors of p.
2, 3, 5, 13, 17
Let h(s) = -76*s + 16360. List the prime factors of h(0).
2, 5, 409
Suppose -5666202 - 1511202 = -347*r + 15139901. What are the prime factors of r?
5, 19, 677
Let n(i) = i**3 + 9*i**2 + 19*i + 10. Suppose -2*c = -5*x + c - 34, -3*c = 4*x + 11. What are the prime factors of n(x)?
3, 5
Suppose -52*j + 435317 = 23242 - 370265. What are the prime factors of j?
3, 5, 17, 59
Suppose b + 1168 = 8492. What are the prime factors of b?
2, 1831
Let r be 4/((-4)/(-3)) - (-2 + -1). Let i(h) = 40*h - 8. Let q be i(r). Suppose q = 5*m - 8. List the prime factors of m.
2, 3
Let g = -61 - -65. Let j be 16688/(-72) - g/18. Let d = j - -369. List the prime factors of d.
137
Let o = 2323 + 15733. What are the prime factors of o?
2, 37, 61
Let q = -13529 + 27156. What are the prime factors of q?
13627
Suppose 0 = 3*l + 9*l - 24. Suppose l*t - 316 = -3*q + 160, -4*t + 992 = -4*q. List the prime factors of t.
2, 61
Let p(m) = -m**2 + 3*m - 5. Let s(a) = -a**3 + 13*a**2 - 15*a + 30. Let r be s(12). Let x be p(r). What are the prime factors of 4/(((-4)/(-12))/(x/(-6)))?
2, 59
Suppose 27*a + 243 = -243. Let m = 285 - a. List the prime factors of m.
3, 101
Let t(m) = -8980*m + 1211. List the prime factors of t(-5).
13, 3547
Let u be (9/15*-4)/((-12)/1830). Suppose h = -4*n + 687, 5*h = 2*n + h - u. List the prime factors of n.
173
Let r(b) be the first derivative of -7*b**3/6 - 2*b**2 - 13*b - 17. Let c(s) be the first derivative of r(s). What are the prime factors of c(-6)?
2, 19
Suppose -249*h = -218*h - 425134. What are the prime factors of h?
2, 6857
Let h be 112 - 3/(-6)*-8. Suppose 0 = 113*n - h*n - 1170. What are the prime factors of n?
2, 3, 13
Let z(u) = 389*u**2 + 99*u - 298. List the prime factors of z(3).
2, 5, 7
Let s(c) = -1841*c - 1643. List the prime factors of s(-10).
3, 23
Let z = 26 - 22. Suppose -5*o + 4397 = -2*h, 2*o + z*h = 7*o - 4399. What are the prime factors of o?
3, 293
Let v(p) = -p**3 - 2*p**2 + 22 - 14 + 5*p + 3*p**2. Let y(n) = n - 12. Let o be y(8). What are the prime factors of v(o)?
2, 17
Let k be -112*255/(-8)*32/(-80). Let d = k + 2049. List the prime factors of d.
3, 23
List the prime factors of (2 - 0)*((-818829)/(-72) - (-4)/(-32)).
5, 4549
Let d(q) = -q**3 + 6*q**2 + 2*q - 31. Let l be d(4). Suppose -l*m + 3796 + 443 = 0. List the prime factors of m.
3, 157
Let a be (-5)/20*4 + 13*1. Let l be -524*(21/a + -2). Let v = -71 + l. What are the prime factors of v?
2, 3, 5
Let m(n) = -38*n**2. Let d be m(3). Let b = -287 - d. List the prime factors of b.
5, 11
Suppose 84 = -4*q + 84. Suppose -m - 2*g = q, 0*g + g + 9 = 4*m. List the prime factors of (1/(-1) + 49/m)*4.
2, 47
Suppose 73724 - 29910 = 19*c. Suppose 2*f - 2*p - 1485 = -323, -2*p = 4*f - c. Suppose 8*v - 526 = f. List the prime factors of v.
2, 3, 23
Let j be ((-6)/4)/((-3)/594). Let f = -15 + j. List the prime factors of f.
2, 3, 47
Suppose -1063140 - 236236 = -52*j. List the prime factors of j.
2, 6247
Let c(v) = -44*v - 1735. What are the prime factors of c(-90)?
5, 89
Let y(o) = 4*o**2 + 3*o. Let q be y(-2). Suppose -9*c + 4*c = q. What are the prime factors of 4/c - (0 - 58)?
2, 7
Let k(q) = q**3 - 25*q**2 + 4*q - 95. Let l be k(25). Suppose 616 = 4*h - o, l*o - 330 = -2*h - 0*o. List the prime factors of h.
5, 31
Let a(v) = -10*v - 348. Let b be a(-35). Suppo